3*o - 3 + 7 - 12 + 5 + 6. What is k(w)?
-3
Let s(q) = -q**3 + 12*q**2 + 12*q - 23. Let p = -31561 + 31574. Determine s(p).
-36
Let n(y) = -y**2 - y - 9. Let c(d) = -d**2 - 6*d + 22. Let v be c(-8). Let l be (-2)/4*v - -5. Suppose -l = -j - 2. Give n(j).
-9
Let h(z) = z**2 + 234*z + 12. Let i(w) = -w**2 - 177*w - 13. Let c(p) = 3*h(p) + 4*i(p). What is c(-5)?
-11
Suppose 3*m + 2*g + 3*g - 419 = 0, -3*g - 578 = -4*m. Let q = m - 143. Let i(f) = f**2 + f + 8. Determine i(q).
8
Let k(f) = f**3 + 25*f**2 - 43*f - 1099. Let l be k(-25). Let d(m) = 2*m - 45. Give d(l).
-93
Let n(v) = 7*v + 179. Let j be -24 + (10 + -19)*((-10)/9 + 1). What is n(j)?
18
Let t(m) = -283 - m - 3*m**2 - 278 + 562. Let h = -344 + 341. Determine t(h).
-23
Let a(k) be the first derivative of k**6/360 + k**5/20 + k**4/4 - 106*k**3/3 + 109. Let c(j) be the third derivative of a(j). Calculate c(-7).
13
Let h(s) = 8 - 25 - 30475*s + 5 - 25 + 30489*s. Give h(6).
47
Let w(a) = 380*a**2 + 56*a - 109. Let y(u) = -33*u**2 - 5*u + 10. Let j(k) = 2*w(k) + 23*y(k). What is j(5)?
22
Suppose -22 = x - 4*v + 7, -3*v = -3*x - 51. Let d be -1 + 13/(x/(-10)). Let h(q) = q**3 - 8*q**2 - 10*q - 8. What is h(d)?
-17
Suppose 6 = 8*r + 22. Let p(i) = -i**2 - 2*i - 10. Let y(g) = -5*g**2 - 7*g - 43. Let a(o) = r*y(o) + 9*p(o). Give a(-5).
41
Let t = -681 + 672. Let r(s) = s**3 + 11*s**2 + 21*s + 4. Determine r(t).
-23
Let p(i) = i**2 - 10*i + 11. Suppose -3*a + 118 = 5*h, 123 + 27 = 4*a + 3*h. Let f be 210/27 - (8/a)/(-1). Give p(f).
-5
Let g(n) = -17*n + 5. Let m = 143 + -143. Calculate g(m).
5
Let q(r) be the second derivative of -r**6/120 - r**5/15 - 2*r**3/3 + 40*r**2 + 62*r. Let d(v) be the first derivative of q(v). Give d(-4).
-4
Suppose 0 = -3*o + 8 - 5. Let f(i) be the third derivative of -i**4/3 + 11*i**2 - i. Calculate f(o).
-8
Let o(m) = -2*m - 3*m - 30 + 4*m + 5*m. Let x(p) = -45*p - 1027. Let q be x(-23). What is o(q)?
2
Let z(l) = -l**2 + 8*l - 1. Suppose 0 = 3*h + 2*h - 20. Suppose 4*r = h*q, 6*q - 3*q = -r + 16. Suppose -x - 5*o = -o + 14, -r*o - 32 = -2*x. Calculate z(x).
11
Let v be ((-4)/2 - 1) + -8. Let h(g) = -g**3 - 11*g**2 - g - 17. Let x be h(v). Let d(f) = f + 6. What is d(x)?
0
Let w be (11 - (14 - 15/10))*2*3. Let m(o) = 22*o + 196. Calculate m(w).
-2
Let n(u) = -23*u**3 + 14*u**2 - 10*u. Let q(h) = 8*h**3 - 4*h**2 + 3*h. Let a(g) = 2*n(g) + 7*q(g). Determine a(-1).
-11
Let a(b) = -27. Let n(l) = 4*l - 296. Let j(z) = -33*a(z) + 3*n(z). What is j(-7)?
-81
Let a(z) = -37 - 60*z + 137*z - 62*z + 55. Calculate a(-7).
-87
Let w(x) = -3*x**3 - 2*x**2 - x. Let k(i) = -i**2 - 2*i - 2. Let z be k(-2). Let j = z + 9. Let m be (-14)/j - (2 + -3). Give w(m).
2
Let j(s) be the third derivative of -3*s**6/40 - s**5/30 + s**4/24 - 16*s**2. Suppose 88 = 22*f + 66. What is j(f)?
-10
Suppose -3*f - 376 = 4*o - 520, 2*o - 74 = -2*f. Let l(n) = n**2 - 36*n + 76. What is l(o)?
-23
Let b(a) be the second derivative of a**5/20 - 3*a**4/2 + a**3/3 - 25*a**2/2 - 1362*a. What is b(18)?
11
Let r(l) be the first derivative of -3*l**2/2 - 5*l + 1439. Give r(-6).
13
Suppose -4 = 8*g - 3*g + a, -4 = -4*a. Suppose -h + 4*h = 12. Let c(i) = -h + 2*i**2 + 3 + 5*i - 7*i. Give c(g).
3
Let j(o) = -o**2 + 17*o - 23. Let n = 3536 - 3523. What is j(n)?
29
Let g(w) = 2*w**3 + 17*w**2 - 43*w + 83. Let c(o) = o**3 + 9*o**2 - 24*o + 42. Let y(q) = -9*c(q) + 5*g(q). What is y(-5)?
7
Let z(c) be the first derivative of -2*c**2 - 22*c - 1350. Give z(-7).
6
Let c(y) = y**2 + 9*y - 7. Suppose -47 + 229 = 3*p + 2*d, -4*p = 3*d - 243. Suppose -129 - p = 27*a. Calculate c(a).
-21
Let g = 7 + -4. Suppose -1674*x - 72 = -1698*x. Let k(u) = -u**g + 6*u**3 - 2*u**x + 2*u**3. Determine k(1).
5
Suppose 0 = -f + a - 4, -a + 4 = 0. Suppose -2*c - 2*i = -0*c - 8, f = -c - 2*i + 4. Suppose -2*o - 2 = -t, 2 = -o + c. Let h(m) = m - 5. Determine h(t).
1
Let m(p) be the second derivative of -7*p**3/6 - 13*p**2 - 349*p. Calculate m(-7).
23
Let d(u) = -u**2 + 7*u - 2. Let w be d(6). Let p(m) = 2*m**2 + m + 2. Let b be p(-1). Let n(y) = b*y - 194 + 189 - 5*y. Calculate n(w).
-13
Let q be (-9)/(-18) - (-2 + (-6)/4). Suppose 2*m + 6 = -0*w + 2*w, -q*w - 2*m - 6 = 0. Let f be -2*8/2 + w. Let l(v) = v**2 + 8*v - 7. What is l(f)?
-7
Let f(l) = 7*l - 3*l - 3*l + 17 - 6*l. Let t be f(8). Let o = 19 + t. Let n(a) = -2*a - 4. Determine n(o).
4
Let f(d) = 20*d + 34 - 29*d + 23*d + d**2 - 2*d**2. Give f(16).
2
Let j(v) = 2*v + 7. Let z(r) = 5*r + 12. Let g(l) = 4*j(l) - 2*z(l). Calculate g(5).
-6
Let s(x) be the third derivative of 0*x + 1/120*x**6 + 192*x**2 - 1/10*x**5 + 5/6*x**3 - 1/8*x**4 + 0. Give s(6).
-13
Suppose -w = 7*w - 112. Suppose -w*m + 221 = 53. Let u(o) = 3*o - 12 + m. What is u(-4)?
-12
Suppose -5*h + 12 = 2*a, h - 4 + 0 = 0. Let t be (0/(3 - 5))/(-2). Let n(k) = -k + t*k**2 + k**2 - 6*k + k**3 + 12*k + 5*k**2 + 4. Calculate n(a).
16
Let q(d) = 224 + 11229*d + 11201*d - 22398*d. What is q(-7)?
0
Let o(m) = -m**3 + 7*m**2 - 5*m - 3. Let y = -7 + 13. Suppose y*x = 7*x. Suppose x = -4*t + 4 + 20. What is o(t)?
3
Let c(w) = w**3 - 5*w**2 + w - 2. Suppose 18 = 4*v + 5*t, -v - 2*t + 3 = -3. Suppose 5*r + 22 - 17 = 0, 2*z + v*r = 6. Determine c(z).
-14
Let f(d) = -13*d**2 - 10*d + 9. Let a(c) = 32*c**2 + 22*c - 18. Let o(k) = -2*a(k) - 5*f(k). Calculate o(-10).
31
Let s(v) = v**3 + 6*v**2 + 7*v + 6. Let m = -31032 - -31027. Determine s(m).
-4
Let g(c) be the first derivative of -c**6/360 - c**4/24 + 20*c**3/3 - 55. Let k(r) be the third derivative of g(r). Calculate k(-5).
-26
Let x(l) = -l**2 + 3*l + 222. Let h be 28/(-35)*(-585)/(-36). Calculate x(h).
14
Suppose 23*r + 976 = 1989 - 990. Let a(u) = -11*u**3 - 7*u**2. Let x = 5 - -12. Let s(k) = 33*k**3 + 20*k**2. Let z(c) = x*a(c) + 6*s(c). What is z(r)?
12
Let y(m) = m**3 + 10*m**2 + 7*m - 7. Suppose -27*n - 38 = -22*n + f, 2*n + 6*f = 24. What is y(n)?
11
Let s(m) = -m**2 - 3*m + 56. Suppose 3514 = -224*g - 278*g. What is s(g)?
28
Let t(k) = 24*k**2 + 105*k + 9. Let s(n) = -12*n**2 - 45*n - 4. Let b(g) = 7*s(g) + 3*t(g). Give b(-1).
-13
Let t be 20/2*(3 - -7*(-9)/18). Let l(a) = -a**2 - 9*a - 11. Determine l(t).
9
Let m = -18 - 1. Let r = -15 - m. Let i be (0 - 0) + (r + -3)*3. Let z(p) = -3*p. Determine z(i).
-9
Let a be 17 - 13 - (11 - 18). Let g(h) = h**2 - 12*h + 15. Determine g(a).
4
Let h be ((-1207)/(-8449))/((-2 - 0)*3/(-105)). Let b(g) be the second derivative of 17*g + h*g**2 - 1/6*g**3 + 0. Determine b(-6).
11
Let c(k) = k**3 - 5*k**2 - k. Let m be (9 + -11)/(1/(-6)). Suppose -4*i + 16 = -2*j, 0 = 9*i - m*i + j + 13. Determine c(i).
-5
Let p(n) = -57*n - 38. Let g(m) = -102*m - 76. Let u(h) = -5*g(h) + 9*p(h). Give u(-18).
92
Let o be (77 - 78)*26/6 - (-10)/(-6). Let b(d) = 7*d - d - 94*d**2 + 95*d**2. What is b(o)?
0
Let d(y) = -y**2 + 52*y + 1. Let j be d(0). Let t(v) = 48*v + 1. Calculate t(j).
49
Let c(n) = n**3 + 5*n**2 + 6*n + 6. Suppose -47*z + 11 = 152. Let u be c(z). Let t(i) = i - 2. Give t(u).
4
Let k(g) be the first derivative of -g**3/3 + 4*g**2 - 7*g + 1. Let j be -9 + 4 + (-3 - (1 - -1296)). Let c = 1310 + j. What is k(c)?
8
Let f(u) = -4*u + 97208 - 97141 - 7*u + u. Give f(11).
-43
Let h(z) = 18*z + 56 - 180 + 5*z + 217. Determine h(-4).
1
Let i(v) = -v**3 + 6*v**2 + 4*v - 8. Suppose -12 = 51*n - 54*n. Suppose n*t + 16 = 40. Calculate i(t).
16
Suppose -9*g - 4 + 202 = 0. Suppose 0 = -g*x + 12*x - 10. Let o(v) be the third derivative of -5*v**4/24 + v**3/6 - v**2. Calculate o(x).
6
Let x(u) = -u**2 + 4*u + 2. Let w(t) = 3*t**2 - 7*t + 6. Let p(n) = -10*n**2 + 20*n - 19. Let q(d) = -2*p(d) - 7*w(d). Let l be q(9). Determine x(l).
-30
Let z(q) be the third derivative of q**6/120 - 13*q**5/30 - 7*q**4/6 + 19*q**3/6 - 735*q**2. What is z(27)?
-8
Let z(a) = 3*a + 7 + 31 - 17 + 20. Let b = 251 + -268. Calculate z(b).
-10
Let y(w) = -4*w**2 + 3*w + 14*w**2 - 3*w**3 + 4*w**3 - 2*w + 11. Suppose -q = 3*c + 7, 336 = -4*c + 340. What is y(q)?
1
Let t be 1/((-4)/(-6))*(-99)/(-297). Let f(w) be the second derivative of 28*w - t*w**3 + 1/3*w**4 - 1/20*w**5 + 2*w**2 + 0. Give f(3).
4
Suppose 14*x - 48 = 8. Let w(g) = 2 - 3 - 7*g**3 - x*g**2 + 5*g**3 - 3*g + g**3. Suppose 3 = -3*a - 9. Determine w(a).
11
Let n(x) = 5 - 13 + 5 + 2*x**2 + 5*x. Let a be 0/6 + 3 + -2. Let f 